{"id":10581,"date":"2024-01-09T14:55:35","date_gmt":"2024-01-09T13:55:35","guid":{"rendered":"https:\/\/www.bautica.si\/blog\/?post_type=product&#038;p=10581"},"modified":"2024-02-02T00:36:17","modified_gmt":"2024-02-01T23:36:17","slug":"robotski-sesalnik-proscenic-x1","status":"publish","type":"product","link":"https:\/\/www.bautica.si\/blog\/trgovina\/sesalniki\/robotski-sesalnik-proscenic-x1\/","title":{"rendered":"Robotski sesalnik Proscenic X1 s samoizpraznitvenim podstavkom, 3000 Pa sesalni tlak, 3 sesalne stopnje, 2,5 l prostornine vre\u010dke za prah, 250 ml rezervoarja za vodo, 3200 mAh baterija, 165 minut delovanja, nadzor APP &#8211; \u010drn"},"content":{"rendered":"<h2>Poudarki<\/h2>\n<p><strong>Vibrirajo\u010da krpa in mo\u010dno sesanje 3000 Pa<\/strong><br \/>\nGloboko o\u010distite tla z mo\u010dnim sesanjem 3000 Pa in visokofrekven\u010dnim vibrirajo\u010dim sistemom za brisanje.\u00a0Blazinica za brisanje na pritisk zavibrira 3000-krat na minuto za u\u010dinkovito \u010di\u0161\u010denje trdovratnih made\u017eev.\u00a0Trije nivoji vode vam omogo\u010dajo nastavitev vla\u017enosti mopa za razli\u010dne namene \u010di\u0161\u010denja.<\/p>\n<p><strong>30-dnevna prostoro\u010dna samodejna praznilna podlaga<\/strong><br \/>\nPopolnoma zaprta 2,5-litrska vre\u010dka za prah samodejno zbira umazanijo in ostanke iz sesalnika, kar vam prihrani praznjenje smetnjaka za 30 dni.\u00a0Dobro zasnovana odprtina za odlaganje deluje z visokim sesalnim zbiralnikom za ubla\u017eitev zama\u0161itve.\u00a0UV lu\u010dka v kabinetu u\u010dinkovito sterilizira bakterije in zmanj\u0161a prenos patogenov.<\/p>\n<p><strong>Lasersko podprta navigacija PathPro&#x2122;<\/strong><br \/>\nLasersko podprta navigacija za na\u010drtovanje poti optimizira pot \u010di\u0161\u010denja za najve\u010djo pokritost.\u00a0Ustvari interaktivni zemljevid va\u0161ega doma za nastavitev obmo\u010dij prepovedi in brisanja.\u00a0Ponovno se napolni in nadaljuje od tam, kjer je kon\u010dal.\u00a0Na zahtevo lahko izberete tudi sobo ali obmo\u010dje za \u010di\u0161\u010denje.<\/p>\n<p><strong>Prepoznavanje preprog<\/strong><br \/>\nUltrazvo\u010dni detektor preprog samodejno pove\u010da sesalno mo\u010d za globlje \u010di\u0161\u010denje preprog, ko je v vakuumskem na\u010dinu, vendar usmeri Floobot stran, ko je pritrjena \u010distilna blazinica.<\/p>\n<p><strong>Ve\u010d inteligentnih senzorjev<\/strong><br \/>\nPoleg vgrajenega laserskega senzorja in ve\u010d senzorjev za sledenje tlom za pametno navigacijo PathPro&#x2122; senzorji za prepre\u010devanje trkov zaznajo predmete in se izognejo udarcem, medtem ko senzorji pe\u010dine zadr\u017eijo podtlak stran od stopnic in prepre\u010dijo padce.<\/p>\n<p><strong>Upravljanje z APP in enostavna uporaba.<\/strong><br \/>\nFunkcija ve\u010dnadstropnih prikazov omogo\u010da shranjevanje do 5 zemljevidov za u\u010dinkovito navigacijo v ve\u010dnadstropnih hi\u0161ah brez ponovnega preslikave.\u00a0Med va\u0161o odsotnostjo lahko prilagodite \u010di\u0161\u010denje po sobah in obmo\u010djih ter spremljate, kdaj Proscenic X1 \u010disti in koliko povr\u0161ine pokriva.\u00a0Poleg tega je na voljo daljinski upravljalnik za upravljanje X1.\u00a0Zdru\u017eljiv je tudi z Amazon Alexa in Google Assistant za glasovno upravljanje.<\/p>\n<p><img decoding=\"async\" src=\"https:\/\/img.gkbcdn.com\/s3\/d\/202303\/Proscenic-X1-Robot-Vacuum-Cleaner-519830-0.jpg\" alt=\"Robotski sesalnik Proscenic X1 s samoizpraznitvenim podstavkom, 3000 Pa sesalni tlak, 3 sesalne stopnje, 2,5 l prostornine vre\u010dke za prah, 250 ml rezervoarja za vodo, 3200 mAh baterija, 165 minut delovanja, nadzor APP - \u010drn\" \/><img decoding=\"async\" src=\"https:\/\/img.gkbcdn.com\/s3\/d\/202303\/Proscenic-X1-Robot-Vacuum-Cleaner-519830-1.jpg\" alt=\"Robotski sesalnik Proscenic X1 s samoizpraznitvenim podstavkom, 3000 Pa sesalni tlak, 3 sesalne stopnje, 2,5 l prostornine vre\u010dke za prah, 250 ml rezervoarja za vodo, 3200 mAh baterija, 165 minut delovanja, nadzor APP - \u010drn\" \/><img decoding=\"async\" src=\"https:\/\/img.gkbcdn.com\/s3\/d\/202303\/Proscenic-X1-Robot-Vacuum-Cleaner-519830-2.jpg\" alt=\"Robotski sesalnik Proscenic X1 s samoizpraznitvenim podstavkom, 3000 Pa sesalni tlak, 3 sesalne stopnje, 2,5 l prostornine vre\u010dke za prah, 250 ml rezervoarja za vodo, 3200 mAh baterija, 165 minut delovanja, nadzor APP - \u010drn\" \/><img decoding=\"async\" src=\"https:\/\/img.gkbcdn.com\/s3\/d\/202303\/Proscenic-X1-Robot-Vacuum-Cleaner-519830-3.jpg\" alt=\"Robotski sesalnik Proscenic X1 s samoizpraznitvenim podstavkom, 3000 Pa sesalni tlak, 3 sesalne stopnje, 2,5 l prostornine vre\u010dke za prah, 250 ml rezervoarja za vodo, 3200 mAh baterija, 165 minut delovanja, nadzor APP - \u010drn\" \/><img decoding=\"async\" src=\"https:\/\/img.gkbcdn.com\/s3\/d\/202303\/Proscenic-X1-Robot-Vacuum-Cleaner-519830-4.jpg\" alt=\"Robotski sesalnik Proscenic X1 s samoizpraznitvenim podstavkom, 3000 Pa sesalni tlak, 3 sesalne stopnje, 2,5 l prostornine vre\u010dke za prah, 250 ml rezervoarja za vodo, 3200 mAh baterija, 165 minut delovanja, nadzor APP - \u010drn\" \/><img decoding=\"async\" src=\"https:\/\/img.gkbcdn.com\/s3\/d\/202303\/Proscenic-X1-Robot-Vacuum-Cleaner-519830-5.jpg\" alt=\"Robotski sesalnik Proscenic X1 s samoizpraznitvenim podstavkom, 3000 Pa sesalni tlak, 3 sesalne stopnje, 2,5 l prostornine vre\u010dke za prah, 250 ml rezervoarja za vodo, 3200 mAh baterija, 165 minut delovanja, nadzor APP - \u010drn\" \/><img decoding=\"async\" src=\"https:\/\/img.gkbcdn.com\/s3\/d\/202303\/Proscenic-X1-Robot-Vacuum-Cleaner-519830-6.jpg\" alt=\"Robotski sesalnik Proscenic X1 s samoizpraznitvenim podstavkom, 3000 Pa sesalni tlak, 3 sesalne stopnje, 2,5 l prostornine vre\u010dke za prah, 250 ml rezervoarja za vodo, 3200 mAh baterija, 165 minut delovanja, nadzor APP - \u010drn\" \/><img decoding=\"async\" src=\"https:\/\/img.gkbcdn.com\/s3\/d\/202303\/Proscenic-X1-Robot-Vacuum-Cleaner-519830-7.jpg\" alt=\"Robotski sesalnik Proscenic X1 s samoizpraznitvenim podstavkom, 3000 Pa sesalni tlak, 3 sesalne stopnje, 2,5 l prostornine vre\u010dke za prah, 250 ml rezervoarja za vodo, 3200 mAh baterija, 165 minut delovanja, nadzor APP - \u010drn\" \/><img decoding=\"async\" src=\"https:\/\/img.gkbcdn.com\/s3\/d\/202303\/Proscenic-X1-Robot-Vacuum-Cleaner-519830-8.jpg\" alt=\"Robotski sesalnik Proscenic X1 s samoizpraznitvenim podstavkom, 3000 Pa sesalni tlak, 3 sesalne stopnje, 2,5 l prostornine vre\u010dke za prah, 250 ml rezervoarja za vodo, 3200 mAh baterija, 165 minut delovanja, nadzor APP - \u010drn\" \/><img decoding=\"async\" src=\"https:\/\/img.gkbcdn.com\/s3\/d\/202303\/Proscenic-X1-Robot-Vacuum-Cleaner-519830-9.jpg\" alt=\"Robotski sesalnik Proscenic X1 s samoizpraznitvenim podstavkom, 3000 Pa sesalni tlak, 3 sesalne stopnje, 2,5 l prostornine vre\u010dke za prah, 250 ml rezervoarja za vodo, 3200 mAh baterija, 165 minut delovanja, nadzor APP - \u010drn\" \/><img decoding=\"async\" src=\"https:\/\/img.gkbcdn.com\/s3\/d\/202303\/Proscenic-X1-Robot-Vacuum-Cleaner-519830-10.jpg\" alt=\"Robotski sesalnik Proscenic X1 s samoizpraznitvenim podstavkom, 3000 Pa sesalni tlak, 3 sesalne stopnje, 2,5 l prostornine vre\u010dke za prah, 250 ml rezervoarja za vodo, 3200 mAh baterija, 165 minut delovanja, nadzor APP - \u010drn\" \/><img decoding=\"async\" src=\"https:\/\/img.gkbcdn.com\/s3\/d\/202303\/Proscenic-X1-Robot-Vacuum-Cleaner-519830-11.jpg\" alt=\"Robotski sesalnik Proscenic X1 s samoizpraznitvenim podstavkom, 3000 Pa sesalni tlak, 3 sesalne stopnje, 2,5 l prostornine vre\u010dke za prah, 250 ml rezervoarja za vodo, 3200 mAh baterija, 165 minut delovanja, nadzor APP - \u010drn\" \/><img decoding=\"async\" src=\"https:\/\/img.gkbcdn.com\/s3\/d\/202303\/Proscenic-X1-Robot-Vacuum-Cleaner-519830-12.jpg\" alt=\"Robotski sesalnik Proscenic X1 s samoizpraznitvenim podstavkom, 3000 Pa sesalni tlak, 3 sesalne stopnje, 2,5 l prostornine vre\u010dke za prah, 250 ml rezervoarja za vodo, 3200 mAh baterija, 165 minut delovanja, nadzor APP - \u010drn\" \/><\/p>\n<h2>Specifikacija<\/h2>\n<div class=\"table-responsive\"><table class=\"table table-bordered\" border=\"1\" cellspacing=\"0\" cellpadding=\"5\">\n<tbody>\n<tr>\n<td><strong>Splo\u0161no<\/strong><\/td>\n<td>Znamka: Proscenic<br \/>\nTip: Robotski sesalnik<br \/>\nModel: X1<br \/>\nBarva: \u010crna<\/td>\n<\/tr>\n<tr>\n<td><strong>Specifikacija<\/strong><\/td>\n<td>Sesalna mo\u010d: 3000 Pa<br \/>\nStopnja sesanja: 3 Zmogljivost<br \/>\nbaterije: 3200 mAh<br \/>\n\u010cas delovanja: \u2264165 minut<br \/>\n\u010cas polnjenja: \u22644 h<br \/>\nHrup: 63-73 dB<br \/>\nVi\u0161ina pregrade: \u226415 mm (s krpo za brisanje \u226412 mm)<br \/>\nStransko krta\u010deno: 1<br \/>\nKapaciteta vre\u010dke za prah: 2,5 L<br \/>\nKapaciteta posode za prah: 240 ml posode za prah in 250 ml posode za vodo<\/td>\n<\/tr>\n<tr>\n<td><strong>Te\u017ea in velikost<\/strong><\/td>\n<td>Te\u017ea izdelka: 7,5 kg<br \/>\nTe\u017ea paketa: 10,7 kg<br \/>\nVelikost izdelka (D x \u0160 x V): 335*335*74 mm<br \/>\nVelikost paketa (D x \u0160 x V): 418*398*348 mm<\/td>\n<\/tr>\n<tr>\n<td><strong>Vsebina paketa<\/strong><\/td>\n<td>1 x robotski sesalnik (z vibracijskim rezervoarjem 2 v 1)<br \/>\n1 x podstavek za samodejno praznjenje<br \/>\n1 x napajalni kabel<br \/>\n1 x daljinski upravljalnik<br \/>\n1 x baterija<br \/>\n2 x HEPA<br \/>\n2 x stranska krta\u010da<br \/>\n1 x \u010distilna krta\u010da 2 x krpa za brisanje 1\u00a0x<br \/>\nkrpa za brisanje<br \/>\nBlazinica iz blaga<br \/>\n2 x vre\u010dka za prah<br \/>\n1 x uporabni\u0161ki priro\u010dnik<\/td>\n<\/tr>\n<\/tbody>\n<\/table><\/div>\n","protected":false},"excerpt":{"rendered":"<p><span style=\"font-size: 18pt;\"><strong>Robotski sesalnik Proscenic X1 s samoizpraznitvenim podstavkom<\/strong><\/span><\/p>\n<p><strong data-wp-editing=\"1\"><img loading=\"lazy\" decoding=\"async\" class=\"\" src=\"https:\/\/www.bautica.si\/wp-content\/themes\/davinciwoo\/assets\/images\/features\/feature_delivery.svg\" width=\"43\" height=\"30\" \/> Predvidena dostava od dobavitelja iz Europe &#8211; 5 do 12 delovnih dni<\/strong><\/p>\n","protected":false},"featured_media":10587,"comment_status":"open","ping_status":"closed","template":"","meta":[],"product_brand":[],"product_cat":[951],"product_tag":[],"class_list":{"0":"post-10581","1":"product","2":"type-product","3":"status-publish","4":"has-post-thumbnail","6":"product_cat-sesalniki","8":"first","9":"instock","10":"shipping-taxable","11":"purchasable","12":"product-type-simple"},"yoast_head":"<!-- This site is optimized with the Yoast SEO plugin v27.4 - https:\/\/yoast.com\/product\/yoast-seo-wordpress\/ -->\n<title>Robotski sesalnik Proscenic X1 s samoizpraznitvenim podstavkom, 3000 Pa sesalni tlak, 3 sesalne stopnje, 2,5 l prostornine vre\u010dke za prah, 250 ml rezervoarja za vodo, 3200 mAh baterija, 165 minut delovanja, nadzor APP - \u010drn - BAUTICA<\/title>\n<meta name=\"description\" content=\"BAUTICA Robotski sesalnik Proscenic X1 s samoizpraznitvenim podstavkom, 3000 Pa sesalni tlak, 3 sesalne stopnje, 2,5 l prostornine vre\u010dke za prah, 250 ml rezervoarja za vodo, 3200 mAh baterija, 165 minut delovanja, nadzor APP - \u010drn -\" \/>\n<meta name=\"robots\" content=\"index, follow, max-snippet:-1, max-image-preview:large, max-video-preview:-1\" \/>\n<link rel=\"canonical\" href=\"https:\/\/www.bautica.si\/blog\/trgovina\/sesalniki\/robotski-sesalnik-proscenic-x1\/\" \/>\n<meta property=\"og:locale\" content=\"sl_SI\" \/>\n<meta property=\"og:type\" content=\"article\" \/>\n<meta property=\"og:title\" content=\"Robotski sesalnik Proscenic X1 s samoizpraznitvenim podstavkom, 3000 Pa sesalni tlak, 3 sesalne stopnje, 2,5 l prostornine vre\u010dke za prah, 250 ml rezervoarja za vodo, 3200 mAh baterija, 165 minut delovanja, nadzor APP - \u010drn - BAUTICA\" \/>\n<meta property=\"og:description\" content=\"BAUTICA Robotski sesalnik Proscenic X1 s samoizpraznitvenim podstavkom, 3000 Pa sesalni tlak, 3 sesalne stopnje, 2,5 l prostornine vre\u010dke za prah, 250 ml rezervoarja za vodo, 3200 mAh baterija, 165 minut delovanja, nadzor APP - \u010drn -\" \/>\n<meta property=\"og:url\" content=\"https:\/\/www.bautica.si\/blog\/trgovina\/sesalniki\/robotski-sesalnik-proscenic-x1\/\" \/>\n<meta property=\"og:site_name\" content=\"BAUTICA\" \/>\n<meta property=\"article:publisher\" content=\"https:\/\/facebook.com\" \/>\n<meta property=\"article:modified_time\" content=\"2024-02-01T23:36:17+00:00\" \/>\n<meta property=\"og:image\" content=\"https:\/\/www.bautica.si\/wp-content\/uploads\/2024\/01\/Proscenic-X1-Robot-Vacuum-Cleaner-519830-0.jpg\" \/>\n\t<meta property=\"og:image:width\" content=\"1000\" \/>\n\t<meta property=\"og:image:height\" content=\"1000\" \/>\n\t<meta property=\"og:image:type\" content=\"image\/jpeg\" \/>\n<meta name=\"twitter:card\" content=\"summary_large_image\" \/>\n<meta name=\"twitter:label1\" content=\"Est. reading time\" \/>\n\t<meta name=\"twitter:data1\" content=\"6 minut\" \/>\n<script type=\"application\/ld+json\" class=\"yoast-schema-graph\">{\"@context\":\"https:\\\/\\\/schema.org\",\"@graph\":[{\"@type\":\"WebPage\",\"@id\":\"https:\\\/\\\/www.bautica.si\\\/blog\\\/trgovina\\\/sesalniki\\\/robotski-sesalnik-proscenic-x1\\\/\",\"url\":\"https:\\\/\\\/www.bautica.si\\\/blog\\\/trgovina\\\/sesalniki\\\/robotski-sesalnik-proscenic-x1\\\/\",\"name\":\"Robotski sesalnik Proscenic X1 s samoizpraznitvenim podstavkom, 3000 Pa sesalni tlak, 3 sesalne stopnje, 2,5 l prostornine vre\u010dke za prah, 250 ml rezervoarja za vodo, 3200 mAh baterija, 165 minut delovanja, nadzor APP - \u010drn - BAUTICA\",\"isPartOf\":{\"@id\":\"https:\\\/\\\/www.bautica.si\\\/blog\\\/#website\"},\"primaryImageOfPage\":{\"@id\":\"https:\\\/\\\/www.bautica.si\\\/blog\\\/trgovina\\\/sesalniki\\\/robotski-sesalnik-proscenic-x1\\\/#primaryimage\"},\"image\":{\"@id\":\"https:\\\/\\\/www.bautica.si\\\/blog\\\/trgovina\\\/sesalniki\\\/robotski-sesalnik-proscenic-x1\\\/#primaryimage\"},\"thumbnailUrl\":\"https:\\\/\\\/www.bautica.si\\\/wp-content\\\/uploads\\\/2024\\\/01\\\/Proscenic-X1-Robot-Vacuum-Cleaner-519830-0.jpg\",\"datePublished\":\"2024-01-09T13:55:35+00:00\",\"dateModified\":\"2024-02-01T23:36:17+00:00\",\"description\":\"BAUTICA Robotski sesalnik Proscenic X1 s samoizpraznitvenim podstavkom, 3000 Pa sesalni tlak, 3 sesalne stopnje, 2,5 l prostornine vre\u010dke za prah, 250 ml rezervoarja za vodo, 3200 mAh baterija, 165 minut delovanja, nadzor APP - \u010drn -\",\"breadcrumb\":{\"@id\":\"https:\\\/\\\/www.bautica.si\\\/blog\\\/trgovina\\\/sesalniki\\\/robotski-sesalnik-proscenic-x1\\\/#breadcrumb\"},\"inLanguage\":\"sl-SI\",\"potentialAction\":[{\"@type\":\"ReadAction\",\"target\":[\"https:\\\/\\\/www.bautica.si\\\/blog\\\/trgovina\\\/sesalniki\\\/robotski-sesalnik-proscenic-x1\\\/\"]}]},{\"@type\":\"ImageObject\",\"inLanguage\":\"sl-SI\",\"@id\":\"https:\\\/\\\/www.bautica.si\\\/blog\\\/trgovina\\\/sesalniki\\\/robotski-sesalnik-proscenic-x1\\\/#primaryimage\",\"url\":\"https:\\\/\\\/www.bautica.si\\\/wp-content\\\/uploads\\\/2024\\\/01\\\/Proscenic-X1-Robot-Vacuum-Cleaner-519830-0.jpg\",\"contentUrl\":\"https:\\\/\\\/www.bautica.si\\\/wp-content\\\/uploads\\\/2024\\\/01\\\/Proscenic-X1-Robot-Vacuum-Cleaner-519830-0.jpg\",\"width\":1000,\"height\":1000},{\"@type\":\"BreadcrumbList\",\"@id\":\"https:\\\/\\\/www.bautica.si\\\/blog\\\/trgovina\\\/sesalniki\\\/robotski-sesalnik-proscenic-x1\\\/#breadcrumb\",\"itemListElement\":[{\"@type\":\"ListItem\",\"position\":1,\"name\":\"Home\",\"item\":\"https:\\\/\\\/www.bautica.si\\\/blog\\\/\"},{\"@type\":\"ListItem\",\"position\":2,\"name\":\"Shop\",\"item\":\"https:\\\/\\\/www.bautica.si\\\/blog\\\/shop\\\/\"},{\"@type\":\"ListItem\",\"position\":3,\"name\":\"Robotski sesalnik Proscenic X1 s samoizpraznitvenim podstavkom, 3000 Pa sesalni tlak, 3 sesalne stopnje, 2,5 l prostornine vre\u010dke za prah, 250 ml rezervoarja za vodo, 3200 mAh baterija, 165 minut delovanja, nadzor APP &#8211; \u010drn\"}]},{\"@type\":\"WebSite\",\"@id\":\"https:\\\/\\\/www.bautica.si\\\/blog\\\/#website\",\"url\":\"https:\\\/\\\/www.bautica.si\\\/blog\\\/\",\"name\":\"BAUTICA\",\"description\":\"Vse za vas\",\"publisher\":{\"@id\":\"https:\\\/\\\/www.bautica.si\\\/blog\\\/#organization\"},\"potentialAction\":[{\"@type\":\"SearchAction\",\"target\":{\"@type\":\"EntryPoint\",\"urlTemplate\":\"https:\\\/\\\/www.bautica.si\\\/blog\\\/?s={search_term_string}\"},\"query-input\":{\"@type\":\"PropertyValueSpecification\",\"valueRequired\":true,\"valueName\":\"search_term_string\"}}],\"inLanguage\":\"sl-SI\"},{\"@type\":\"Organization\",\"@id\":\"https:\\\/\\\/www.bautica.si\\\/blog\\\/#organization\",\"name\":\"Zajcnet\",\"url\":\"https:\\\/\\\/www.bautica.si\\\/blog\\\/\",\"logo\":{\"@type\":\"ImageObject\",\"inLanguage\":\"sl-SI\",\"@id\":\"https:\\\/\\\/www.bautica.si\\\/blog\\\/#\\\/schema\\\/logo\\\/image\\\/\",\"url\":\"https:\\\/\\\/www.bautica.si\\\/wp-content\\\/uploads\\\/2019\\\/12\\\/bautica-logo-190x60.jpg\",\"contentUrl\":\"https:\\\/\\\/www.bautica.si\\\/wp-content\\\/uploads\\\/2019\\\/12\\\/bautica-logo-190x60.jpg\",\"width\":190,\"height\":60,\"caption\":\"Zajcnet\"},\"image\":{\"@id\":\"https:\\\/\\\/www.bautica.si\\\/blog\\\/#\\\/schema\\\/logo\\\/image\\\/\"},\"sameAs\":[\"https:\\\/\\\/facebook.com\"]}]}<\/script>\n<!-- \/ Yoast SEO plugin. -->","yoast_head_json":{"title":"Robotski sesalnik Proscenic X1 s samoizpraznitvenim podstavkom, 3000 Pa sesalni tlak, 3 sesalne stopnje, 2,5 l prostornine vre\u010dke za prah, 250 ml rezervoarja za vodo, 3200 mAh baterija, 165 minut delovanja, nadzor APP - \u010drn - BAUTICA","description":"BAUTICA Robotski sesalnik Proscenic X1 s samoizpraznitvenim podstavkom, 3000 Pa sesalni tlak, 3 sesalne stopnje, 2,5 l prostornine vre\u010dke za prah, 250 ml rezervoarja za vodo, 3200 mAh baterija, 165 minut delovanja, nadzor APP - \u010drn -","robots":{"index":"index","follow":"follow","max-snippet":"max-snippet:-1","max-image-preview":"max-image-preview:large","max-video-preview":"max-video-preview:-1"},"canonical":"https:\/\/www.bautica.si\/blog\/trgovina\/sesalniki\/robotski-sesalnik-proscenic-x1\/","og_locale":"sl_SI","og_type":"article","og_title":"Robotski sesalnik Proscenic X1 s samoizpraznitvenim podstavkom, 3000 Pa sesalni tlak, 3 sesalne stopnje, 2,5 l prostornine vre\u010dke za prah, 250 ml rezervoarja za vodo, 3200 mAh baterija, 165 minut delovanja, nadzor APP - \u010drn - BAUTICA","og_description":"BAUTICA Robotski sesalnik Proscenic X1 s samoizpraznitvenim podstavkom, 3000 Pa sesalni tlak, 3 sesalne stopnje, 2,5 l prostornine vre\u010dke za prah, 250 ml rezervoarja za vodo, 3200 mAh baterija, 165 minut delovanja, nadzor APP - \u010drn -","og_url":"https:\/\/www.bautica.si\/blog\/trgovina\/sesalniki\/robotski-sesalnik-proscenic-x1\/","og_site_name":"BAUTICA","article_publisher":"https:\/\/facebook.com","article_modified_time":"2024-02-01T23:36:17+00:00","og_image":[{"width":1000,"height":1000,"url":"https:\/\/www.bautica.si\/wp-content\/uploads\/2024\/01\/Proscenic-X1-Robot-Vacuum-Cleaner-519830-0.jpg","type":"image\/jpeg"}],"twitter_card":"summary_large_image","twitter_misc":{"Est. reading time":"6 minut"},"schema":{"@context":"https:\/\/schema.org","@graph":[{"@type":"WebPage","@id":"https:\/\/www.bautica.si\/blog\/trgovina\/sesalniki\/robotski-sesalnik-proscenic-x1\/","url":"https:\/\/www.bautica.si\/blog\/trgovina\/sesalniki\/robotski-sesalnik-proscenic-x1\/","name":"Robotski sesalnik Proscenic X1 s samoizpraznitvenim podstavkom, 3000 Pa sesalni tlak, 3 sesalne stopnje, 2,5 l prostornine vre\u010dke za prah, 250 ml rezervoarja za vodo, 3200 mAh baterija, 165 minut delovanja, nadzor APP - \u010drn - BAUTICA","isPartOf":{"@id":"https:\/\/www.bautica.si\/blog\/#website"},"primaryImageOfPage":{"@id":"https:\/\/www.bautica.si\/blog\/trgovina\/sesalniki\/robotski-sesalnik-proscenic-x1\/#primaryimage"},"image":{"@id":"https:\/\/www.bautica.si\/blog\/trgovina\/sesalniki\/robotski-sesalnik-proscenic-x1\/#primaryimage"},"thumbnailUrl":"https:\/\/www.bautica.si\/wp-content\/uploads\/2024\/01\/Proscenic-X1-Robot-Vacuum-Cleaner-519830-0.jpg","datePublished":"2024-01-09T13:55:35+00:00","dateModified":"2024-02-01T23:36:17+00:00","description":"BAUTICA Robotski sesalnik Proscenic X1 s samoizpraznitvenim podstavkom, 3000 Pa sesalni tlak, 3 sesalne stopnje, 2,5 l prostornine vre\u010dke za prah, 250 ml rezervoarja za vodo, 3200 mAh baterija, 165 minut delovanja, nadzor APP - \u010drn -","breadcrumb":{"@id":"https:\/\/www.bautica.si\/blog\/trgovina\/sesalniki\/robotski-sesalnik-proscenic-x1\/#breadcrumb"},"inLanguage":"sl-SI","potentialAction":[{"@type":"ReadAction","target":["https:\/\/www.bautica.si\/blog\/trgovina\/sesalniki\/robotski-sesalnik-proscenic-x1\/"]}]},{"@type":"ImageObject","inLanguage":"sl-SI","@id":"https:\/\/www.bautica.si\/blog\/trgovina\/sesalniki\/robotski-sesalnik-proscenic-x1\/#primaryimage","url":"https:\/\/www.bautica.si\/wp-content\/uploads\/2024\/01\/Proscenic-X1-Robot-Vacuum-Cleaner-519830-0.jpg","contentUrl":"https:\/\/www.bautica.si\/wp-content\/uploads\/2024\/01\/Proscenic-X1-Robot-Vacuum-Cleaner-519830-0.jpg","width":1000,"height":1000},{"@type":"BreadcrumbList","@id":"https:\/\/www.bautica.si\/blog\/trgovina\/sesalniki\/robotski-sesalnik-proscenic-x1\/#breadcrumb","itemListElement":[{"@type":"ListItem","position":1,"name":"Home","item":"https:\/\/www.bautica.si\/blog\/"},{"@type":"ListItem","position":2,"name":"Shop","item":"https:\/\/www.bautica.si\/blog\/shop\/"},{"@type":"ListItem","position":3,"name":"Robotski sesalnik Proscenic X1 s samoizpraznitvenim podstavkom, 3000 Pa sesalni tlak, 3 sesalne stopnje, 2,5 l prostornine vre\u010dke za prah, 250 ml rezervoarja za vodo, 3200 mAh baterija, 165 minut delovanja, nadzor APP &#8211; \u010drn"}]},{"@type":"WebSite","@id":"https:\/\/www.bautica.si\/blog\/#website","url":"https:\/\/www.bautica.si\/blog\/","name":"BAUTICA","description":"Vse za vas","publisher":{"@id":"https:\/\/www.bautica.si\/blog\/#organization"},"potentialAction":[{"@type":"SearchAction","target":{"@type":"EntryPoint","urlTemplate":"https:\/\/www.bautica.si\/blog\/?s={search_term_string}"},"query-input":{"@type":"PropertyValueSpecification","valueRequired":true,"valueName":"search_term_string"}}],"inLanguage":"sl-SI"},{"@type":"Organization","@id":"https:\/\/www.bautica.si\/blog\/#organization","name":"Zajcnet","url":"https:\/\/www.bautica.si\/blog\/","logo":{"@type":"ImageObject","inLanguage":"sl-SI","@id":"https:\/\/www.bautica.si\/blog\/#\/schema\/logo\/image\/","url":"https:\/\/www.bautica.si\/wp-content\/uploads\/2019\/12\/bautica-logo-190x60.jpg","contentUrl":"https:\/\/www.bautica.si\/wp-content\/uploads\/2019\/12\/bautica-logo-190x60.jpg","width":190,"height":60,"caption":"Zajcnet"},"image":{"@id":"https:\/\/www.bautica.si\/blog\/#\/schema\/logo\/image\/"},"sameAs":["https:\/\/facebook.com"]}]}},"_links":{"self":[{"href":"https:\/\/www.bautica.si\/blog\/wp-json\/wp\/v2\/product\/10581","targetHints":{"allow":["GET"]}}],"collection":[{"href":"https:\/\/www.bautica.si\/blog\/wp-json\/wp\/v2\/product"}],"about":[{"href":"https:\/\/www.bautica.si\/blog\/wp-json\/wp\/v2\/types\/product"}],"replies":[{"embeddable":true,"href":"https:\/\/www.bautica.si\/blog\/wp-json\/wp\/v2\/comments?post=10581"}],"wp:featuredmedia":[{"embeddable":true,"href":"https:\/\/www.bautica.si\/blog\/wp-json\/wp\/v2\/media\/10587"}],"wp:attachment":[{"href":"https:\/\/www.bautica.si\/blog\/wp-json\/wp\/v2\/media?parent=10581"}],"wp:term":[{"taxonomy":"product_brand","embeddable":true,"href":"https:\/\/www.bautica.si\/blog\/wp-json\/wp\/v2\/product_brand?post=10581"},{"taxonomy":"product_cat","embeddable":true,"href":"https:\/\/www.bautica.si\/blog\/wp-json\/wp\/v2\/product_cat?post=10581"},{"taxonomy":"product_tag","embeddable":true,"href":"https:\/\/www.bautica.si\/blog\/wp-json\/wp\/v2\/product_tag?post=10581"}],"curies":[{"name":"wp","href":"https:\/\/api.w.org\/{rel}","templated":true}]}}